g(-1). Suppose r*u - 20*u = 964. List the prime factors of u.
241
Let r = -3050 + 3370. List the prime factors of r.
2, 5
Let a be (-18 + 17)*28/(-2). Suppose 4*v + 1377 = s, -18*v + 1409 = s - a*v. List the prime factors of s.
7, 199
List the prime factors of (0 + 4 - 501942/84)*-2.
3, 1327
Suppose 4*f = -8, m - 5*f - 169 = 189. Suppose -4*k = -2*i + 308 + m, i - 328 = -2*k. Suppose 0 = -r - 3*r + i. List the prime factors of r.
2, 41
Let d = -2 - -4. Suppose 3*u = 3*w - 6*w + 6, 0 = 4*u + d*w - 8. List the prime factors of (u/(-3))/((-28)/10038).
239
Let k(s) = 12*s**2 - 44*s + 8. Let j(n) = -3*n**2 + 11*n - 2. Let r(l) = 9*j(l) + 2*k(l). Let f be r(7). List the prime factors of 3 - 2 - (f - 0).
73
What are the prime factors of (-269113)/(-78) + (-6)/36?
2, 3, 5, 23
Let g be 36*(16/(-64))/((-1)/(-6)). Suppose -4*p + p + 267 = 0. Let b = p + g. List the prime factors of b.
5, 7
Suppose -17*m + 403 = -158. Suppose 5*w + 5 = 20. Let b = w + m. List the prime factors of b.
2, 3
List the prime factors of 339*(3893/102 - 2 - (-3)/2).
113
Let u = -35229 - -77315. List the prime factors of u.
2, 11, 1913
Let a(v) = 2092*v**2 + 47*v + 48. Suppose 0 = -43*g - 52 + 9. What are the prime factors of a(g)?
7, 13, 23
Let q(v) be the first derivative of 79*v**2/2 + 79*v - 83. What are the prime factors of q(12)?
13, 79
Let j = 32581 + -16401. What are the prime factors of j?
2, 5, 809
Suppose 5*w - 9*w + 61428 = 2*l, 46064 = 3*w + 5*l. List the prime factors of w.
2, 7, 1097
Suppose -5*y - 45249 = 217*r - 218*r, 5*r - y = 226053. List the prime factors of r.
53, 853
Let u(k) = 18*k**2 + 3*k - 1. Let i(m) be the first derivative of m**3/3 + 3*m**2/2 - 2*m + 13. Let n be i(-4). List the prime factors of u(n).
7, 11
Suppose -5*n - 65 = -3*x, 17 = -2*x - 4*n + 53. Suppose -x*a = -5*a - 4500. Suppose -2*o - 3*o = -a. List the prime factors of o.
2, 3, 5
Suppose -4*i = -4*f - 53840, -77*i - f + 67336 = -72*i. List the prime factors of i.
2, 6733
Suppose -2302088 = -79*r - 4*r. List the prime factors of r.
2, 3467
List the prime factors of (-17 + 245/10)*2736.
2, 3, 5, 19
Suppose 0 = 5*m - 4*g - 30, g = 1 - 6. Suppose 0 = -z - 2*o + 1108, -2*o + 2213 = m*z + 3*o. List the prime factors of z.
2, 557
Let d(n) = -n**3 + 5*n**2 + n - 2. Let j be d(5). Suppose s = j*w + 5, -3*s - 5*w + 51 = -2*w. Suppose -s - 10 = -3*l. What are the prime factors of l?
2
What are the prime factors of (10 + ((-12331)/33)/19)*-6060?
2, 5, 29, 101
Suppose 79*l + 77*l = 164*l - 173856. What are the prime factors of l?
2, 3, 1811
Suppose -3*o = -2*p - 49, -3*o + 37 = -3*p - 2*p. Suppose 2*y - 814 = -3*z, 2*y - y - 542 = -2*z. Suppose -o*s + s = -z. What are the prime factors of s?
3, 5
Let r(k) = 2*k**2 - 4. Let i be r(2). Let s(m) = 2019*m**2 - 6*m + i - 1765*m**2 + 3*m. List the prime factors of s(1).
3, 5, 17
Let d be 3/9*(13 + (-3 - -5)). Suppose -3*c + 3111 = 5*y, d*y + 0*y - 3108 = -4*c. Let v = -439 + y. What are the prime factors of v?
5, 37
Let x(z) = 4*z**2 - 12*z - 156. Let y be x(-8). Suppose 0 = 2*d - 3*j - 397, 0*d + 2*j + y = d. What are the prime factors of d?
2, 103
Suppose -13912 - 41276 = -18*o. List the prime factors of o.
2, 3, 7, 73
Let k = -34 - -36. Suppose 0*i - k*i = -1424. What are the prime factors of i?
2, 89
List the prime factors of (324/3)/(((-9)/(-219))/3).
2, 3, 73
Let v = 168 - 163. Suppose 6*q - 15 = q. Suppose -u + v*l - 4*l = -146, q*u + 2*l - 448 = 0. List the prime factors of u.
2, 37
Suppose 0 = 5*p - 4*u + 177, -p = p - u + 69. Let w = 33 + p. What are the prime factors of -1 + 108 + -1 - (w - 0)?
2, 53
Let s = 193 - 190. Suppose -48 = 3*b - j - 1991, -b + s*j = -653. What are the prime factors of b?
647
Let t(c) = 94*c - 29. Let r be t(8). Suppose -6*x - r = -3303. List the prime factors of x.
2, 5, 43
Suppose -3*l + 7 - 19 = 0. Let g be l/(-22) + (-3)/((-33)/64). Suppose -3*t = -g*t + 186. What are the prime factors of t?
2, 31
Let r = 2514 - 2511. Let t = -8 - -6. List the prime factors of (-1752)/16*t/r.
73
Suppose -3*u = -6, 0 = -3*t - u - 18 - 13. Suppose 560 - 570 = r. List the prime factors of (t - r)/(-2*2/248).
2, 31
Let i(c) = -49*c + 41. Suppose -4*d + 3*j - 19 = 0, d + 6 = 5*j + 14. What are the prime factors of i(d)?
2, 3
Let k = 1093 - -449. Suppose 5*s - 4767 + k = 0. What are the prime factors of s?
3, 5, 43
Suppose -28*f + 4 = -27*f, 2*p = -f + 3792. What are the prime factors of p?
2, 947
Suppose -3*r + 4*f = -139221, -4*r + 37466 = 5*f - 148255. What are the prime factors of r?
3, 15473
Suppose -33*p = -1144652 - 503830. List the prime factors of p.
2, 24977
Suppose -1415 = -71*o + 76*o. Let s = o + 65. Let u = 305 + s. What are the prime factors of u?
3, 29
Let u = -1758 + 8402. List the prime factors of u.
2, 11, 151
Let x(a) = 2*a**2 - a - 1. Let c(l) = -l**3 + 17*l**2 + 3*l + 1. Let p(f) = -c(f) + 4*x(f). What are the prime factors of p(13)?
2, 5, 29
Let p(x) = 824 + 2*x - 843 + 0*x. Let s be p(11). Suppose 31 = -s*i + 136. List the prime factors of i.
5, 7
Let u(h) = 54*h + 29. Let s(l) = -270*l - 146. Let v = -47 - -44. Let n(r) = v*s(r) - 16*u(r). What are the prime factors of n(-4)?
2, 5, 19
Suppose -6*h + 20 = -h. Suppose -3*n = 4*p - 1 - h, -2*p - 17 = -5*n. Let x(f) = -80*f**3 - 2*f - 1. What are the prime factors of x(p)?
3
Suppose -5*c + 5*z - 6920 = -10*c, 2*z = 2*c - 2776. Suppose -526*d + 523*d = -c. What are the prime factors of d?
2, 3, 7, 11
What are the prime factors of (26/15*(152 - 237))/((-4)/126)?
3, 7, 13, 17
Let m be 3 - ((-10)/(-8) + 380/80). What are the prime factors of 4*m*(6 - 1400/32)?
3, 151
Let w = 26098 - -23221. List the prime factors of w.
149, 331
Suppose z = -16*z + 204. Let m(f) = -f**3 + 18*f**2 - 28*f. List the prime factors of m(z).
2, 3, 11
Let l = -341 + 345. What are the prime factors of 1234/l*30/(4 - -11)?
617
Suppose -143*s + 146*s + 67601 = 2*c, 3*s + 168989 = 5*c. List the prime factors of c.
2, 7, 17, 71
What are the prime factors of (-9)/(63/(-70)) - -5076?
2, 2543
Suppose 20*g - 23*g = -27. Suppose -c - 5 = 4*f - 4, -c - g = -4*f. What are the prime factors of (4 + -2)/f - (-4 - 121)?
127
Suppose 6334 = o - 3*i, -3*o - 77*i + 18978 = -78*i. List the prime factors of o.
5, 11, 23
Let v(g) = -56*g - 73. Let i(a) = -28*a - 36. Let r(n) = -7*i(n) + 3*v(n). List the prime factors of r(7).
229
Let p(i) = 7*i**3 - 6*i**2 - 60*i + 463. What are the prime factors of p(17)?
2, 3, 5, 107
Suppose 0 = 57*w - 60*w + 408. Let p = w - 64. What are the prime factors of p?
2, 3
List the prime factors of ((-425601)/(-110)*-5)/(2/(-4)).
3, 1433
Suppose -j + 0*j = m - 5204, -2*m = -3*j - 10403. Suppose -m = -6*l - 31. List the prime factors of l.
2, 431
Suppose -2*c = -2*w - 20, w = -3*w + 16. Suppose -c*k + 11430 = 4*k. What are the prime factors of k?
5, 127
Let t(y) = 166*y**2 - 79*y - 1363. List the prime factors of t(-18).
23, 2341
Suppose 4*m - 7 = i + m, 5*m = -2*i + 19. Let z be i/(2/3)*780/90. What are the prime factors of (4242/z + 4/(-26))*1?
163
Let b(j) = 6*j**2 + 22*j + 1. Let d be b(-3). Let w be (-2 + d - 2)/1. What are the prime factors of 0 + (-4)/1*w?
2, 3, 5
Suppose -14105 = 612*j - 619*j. List the prime factors of j.
5, 13, 31
Suppose 7 = 11*h - 81. List the prime factors of -7*212*(-6)/h.
3, 7, 53
What are the prime factors of (3 + -2)*1 + 174 + 12024?
11, 1109
Let z be (-40)/(-4 + 282/48 - 2). List the prime factors of ((0 - 2) + 0)*(-131360)/z.
821
Suppose 4*r - 4*d - 27396 = 0, -2*r - 20543 = -5*r + d. List the prime factors of r.
41, 167
Let o be 23/(-1) - 0 - 2. Let y be (o/15)/(3/9). List the prime factors of -178*3/30*y.
89
Let n(w) = 93*w**2 + 4*w - 3. Let q be n(2). Suppose 9*o - 19 = q. List the prime factors of o.
2, 11
Let w be 32505/(-330)*(-2 - 0)*1. Let b = -157 + w. List the prime factors of b.
2, 5
Let p(q) = -2317*q - 2262. List the prime factors of p(-8).
2, 79, 103
Suppose 5*f - 75858 = -4*x, x - 16171 = 5*f - 91994. What are the prime factors of f?
2, 7583
Suppose -4*n - 73 = -2*x - 31, 4*x = 5*n + 54. Let r = n - -16. List the prime factors of ((-8)/r)/(3 - 519/171).
2, 19
Let l(y) = -y**3 - 11*y**2 - 2*y - 16. Let m be l(-11). Suppose 2*f = -s - f + m, s - 4*f = 6. Suppose -54 = -s*d + 5*d. List the prime factors of d.
2, 3
Let j(r) = 8784*r - 16. 